-4).
5
Let u = 1241 - 261. What are the prime factors of u?
2, 5, 7
Suppose -3*l = -z - 2*l + 38, 4*l = -z + 58. List the prime factors of ((-56)/z)/((-2)/33).
2, 11
Let d(x) = -2*x**3 - 5*x**2 + 5*x - 12. List the prime factors of d(-6).
2, 3, 5, 7
Suppose 3*q - 6 = t, -q + 4*q - 3*t = 0. Suppose -q*k + 455 = 4*k. What are the prime factors of k?
5, 13
Suppose 18*i + 688 - 5584 = 0. List the prime factors of i.
2, 17
Suppose -2*i = -n - 4105, 4*i - 4111 = 2*i - n. List the prime factors of i.
2, 13, 79
Let r be (2*-1)/(4/330). Let h = 233 + r. List the prime factors of h.
2, 17
Suppose 468 = 13*k - 9*k. Suppose -k - 255 = -6*j. What are the prime factors of j?
2, 31
Let g be (-22)/33 + (-1060)/(-6). Let t be (g/12)/(1/6). Suppose -m - m + t = 0. List the prime factors of m.
2, 11
Let s be -2*(6/3)/(-4). Suppose -x = -u + s, x + 2 = -2*u + 2*x. Let r(j) = j**2 - 6. List the prime factors of r(u).
3
Suppose 46*x = 52*x - 20634. What are the prime factors of x?
19, 181
List the prime factors of (2 + -3 - 0)*(-1179 - -23).
2, 17
Suppose 3*c + 1 = -26. What are the prime factors of c/(-18) - (-149)/2?
3, 5
What are the prime factors of -1 + 5 + 393 + -4?
3, 131
Let n(t) = t**3 - 5*t**2 + 7*t + 15. Suppose 6*p - 10 = 32. What are the prime factors of n(p)?
2, 3
Let m = 2427 - 1710. What are the prime factors of m?
3, 239
Let u be -1 - 28*(-44)/8. Let n = u + -96. What are the prime factors of n?
3, 19
Suppose -4*a = -8*a. Suppose 2*h + 5*k - 423 = 0, a*h + 2*h - 426 = -2*k. List the prime factors of h.
2, 107
Let s(d) = -3. Let w(q) = -q. Let p(b) = 3*s(b) + 6*w(b). What are the prime factors of p(-4)?
3, 5
Suppose 300*l - 282*l - 53622 = 0. List the prime factors of l.
3, 331
Suppose -12 = -4*z + 48. Suppose 0*i + z = -3*i. Let j = i - -11. List the prime factors of j.
2, 3
Let d be (-1)/(-3) + (-328)/(-24). Let r = 18 - d. Suppose -y + 2*n + 59 = -2*n, 3*y - r*n = 161. List the prime factors of y.
3, 17
Let a(k) = k**2 + 8*k - 31. Let b be a(3). Suppose -q - o = -157, -5*o = -0*q + b*q - 308. What are the prime factors of q?
3, 53
Let g = -17 + 22. Let k(y) = -2*y**2 + g + 4 - 6 + 4*y**2 - 5*y. What are the prime factors of k(-4)?
5, 11
Let h be (-5 + 3 + 10)/2. Let y(w) = -w**3 + 5*w**2 - w - 8. Let b be y(h). Suppose m = -5*j + 53, -b*j = -5*m - 2*j + 211. List the prime factors of m.
43
List the prime factors of -3 - (-284 + (-20)/(-4)).
2, 3, 23
Let a(n) = -4*n. Suppose -9*h = -4*h. Suppose -d + 0*d - 2 = h. What are the prime factors of a(d)?
2
Suppose 0 = 23*x - 11892 - 39835. What are the prime factors of x?
13, 173
Suppose -10*q + 23969 = 4559. What are the prime factors of q?
3, 647
Let u be (-200)/(-12) + ((-15)/9 - -2). Suppose 2*l = 27 + u. List the prime factors of l.
2, 11
Let q be (-6)/(-16) + (-1145)/(-40). Let m = 32 - q. Suppose 0*b - 180 = -3*l - m*b, -b = 5*l - 292. List the prime factors of l.
2, 29
Let d(v) = -v**3 - v + 21. Let w be d(0). Suppose -w = -8*l + 5*l. What are the prime factors of l?
7
Let h = 259 - 260. Let s(f) be the third derivative of -4*f**4/3 - f**3/6 - 2*f**2. List the prime factors of s(h).
31
Let t = 14 + -14. List the prime factors of -3 + 2 + 19 - t.
2, 3
Let a(f) = -f**2 + f + 3. Let y = 7 - 7. Let s be a(y). Suppose -5*z - 5*v + 65 = 0, -52 = -4*z + 6*v - s*v. List the prime factors of z.
13
Let m(h) = 7*h. Let y(n) = -8*n. Suppose -3*b - 8 = b. Let p(c) = b*y(c) - 3*m(c). List the prime factors of p(-6).
2, 3, 5
Suppose -3*g + 141 = -81. Suppose -y - y = -g. What are the prime factors of y?
37
Let g = 3083 + -1359. List the prime factors of g.
2, 431
Suppose 0 = -5*y + 2*k + 2332, 2*k + 1053 = 3*y - 347. List the prime factors of y.
2, 233
Let z(s) be the second derivative of s**4/12 + 5*s**3/6 + 4*s**2 - s. What are the prime factors of z(7)?
2, 23
Let k(r) be the first derivative of r**4/4 + 8*r**3/3 - 9*r**2/2 + 6*r - 9. List the prime factors of k(-9).
2, 3
Let h(s) = 44 - 21*s**2 - 7*s**2 + 11*s**3 - 12*s**3. List the prime factors of h(-28).
2, 11
What are the prime factors of (-18915)/3*(-56)/280?
13, 97
Let w = -34 - -30. List the prime factors of 5 + 1/w*-4.
2, 3
List the prime factors of -109*(-60)/(8 + -3).
2, 3, 109
Suppose 0 = -2*p + 6, 4*i + i = -5*p + 10. What are the prime factors of (33/(-15) - i)/((-8)/660)?
3, 11
Let t(q) = 3*q**3 - 34*q**2 - 11*q - 27. List the prime factors of t(14).
19, 73
Suppose 0 = -4*t + 18 + 82. Let d = 30 - t. List the prime factors of d + -1 + -4 + 44.
2, 11
Let f(y) = -y**3 - 3*y**2 - 17*y - 6. Let k be f(5). Let s = -59 - k. List the prime factors of s.
2, 29
Let y(n) = 4*n**2 - 22*n - 36. Let j be y(-16). Suppose -4*m - 136 + j = 0. What are the prime factors of m?
7, 43
Let h = 83 - 80. List the prime factors of (2 - (-654)/24)/(h/24).
2, 3, 13
Let c = 2264 + -1415. What are the prime factors of c?
3, 283
Let s(w) = w**2 - 3*w - 9. Let z(n) = -n. Let r(g) = 3*g + 1. Let a(x) = -r(x) - 2*z(x). Let i(m) = -5*a(m) + s(m). List the prime factors of i(-5).
11
List the prime factors of (-7 + 8)*(390 - 1) - 2.
3, 43
Let d(a) = -a**2 - 7*a + 4. Let h be d(-7). What are the prime factors of 168/4 + h/(-2)?
2, 5
Suppose h - 105 = 2*y, -6*h + 3*h + 5*y = -313. List the prime factors of h.
101
Let b(n) = 2*n**2 + n + 16. List the prime factors of b(-3).
31
Suppose -3*m + 0*m + 392 = 2*h, 0 = -3*m. Suppose 0 = -6*o + 2*o + h. What are the prime factors of 8/(-14) - (-2086)/o?
2, 3, 7
Let g = 129 + -127. Suppose 0*q - q = 4*f - 272, 0 = 2*q + g*f - 538. List the prime factors of q.
2, 67
Let z be -5 + (-9)/(36/(-616)). Let l = -145 + z. List the prime factors of l.
2
Let c(s) be the second derivative of 3*s**5/10 + s**3/3 - s**2/2 - 6*s. Let t be c(1). Let i = t - 0. What are the prime factors of i?
7
Let u be ((-45)/(-12))/((-12)/32). What are the prime factors of 2/10 + (-938)/u?
2, 47
Let o(h) = -11*h - 6. Suppose 0 = -4*t + 10*t + 36. What are the prime factors of o(t)?
2, 3, 5
Let u be -1*7/(-1) - 1. Let m(g) = g**2 - 5*g - 1. Let h be m(u). Suppose 4*l - 5*k - 6 = 0, h*l - 2*l + 5*k - 22 = 0. What are the prime factors of l?
2
Let a(q) be the first derivative of q**4/4 - 7*q**3/3 - 17*q**2/2 + 9*q + 7. What are the prime factors of a(10)?
139
Suppose -5*f - 3*f - 16 = 0. List the prime factors of 573/9 - f/6.
2
Suppose 4*z + 3*w = 9*z - 9177, -1849 = -z + 4*w. List the prime factors of z.
3, 13, 47
Let m = -6 - -11. Suppose -i + m*d = 4*i + 15, -5*d - 21 = 4*i. Let j = 5 - i. List the prime factors of j.
3
Let l be ((-7)/5)/((-4)/20). Suppose -25 - 94 = -l*q. What are the prime factors of q?
17
Suppose 4*a + 2*g + 104 = 0, -4*g = -5*a - 3*g - 144. Let s = 7 - a. What are the prime factors of s?
5, 7
Let v(k) = k**3 + 4*k**2 - k + 1. Let f be v(-4). Let z(i) = i**3 - 3*i**2 + i - 5. List the prime factors of z(f).
2, 5
List the prime factors of 980/((-9)/(1 + -10)).
2, 5, 7
What are the prime factors of -4*2 + 27 + 776?
3, 5, 53
Suppose -3*f - 5*z = 285, -z + 285 = -3*f + 4*z. Let u = -31 - f. Suppose 9 = -5*x + u. What are the prime factors of x?
11
Let m(d) = 3*d - 34. Let t be m(-11). Let z = 77 - t. What are the prime factors of z?
2, 3
List the prime factors of (-2)/2 - (-5 + -655 + 1).
2, 7, 47
Let q(m) = m**2 + 11*m - 9. Let f be q(-10). Let t be (-8 + 10)*f/(-2). Suppose -1 = -4*p + t. What are the prime factors of p?
5
Let v(z) be the first derivative of -1/3*z**3 + 7*z + 0*z**2 - 6. List the prime factors of v(0).
7
Suppose -t = 2*d - 16, 3*t - 43 - 55 = 4*d. Let i = t + 48. List the prime factors of i.
2, 37
Let z = -4 + -2. Let f = 8 + z. Let s(u) = u**3 + 3*u**2 - 2*u - 1. List the prime factors of s(f).
3, 5
Let n be (-1 - 9/(-4))*-4. What are the prime factors of -155*(8/n - -1)?
3, 31
Let x be (-8 - 0)*(-20)/16. What are the prime factors of 402/x + (-20)/(-25)?
41
Let q = 18 + -14. Suppose 58 + 118 = -q*w. List the prime factors of w/(-1*(1 + 0)).
2, 11
Let g = 0 - -2. Suppose g*t + 2*d = -d + 6, -3*d - 18 = -2*t. List the prime factors of 107/t + (-3)/(-18).
2, 3
Suppose s = 5*g - 30, 4*s + 6 - 1 = -3*g. Let o(f) = -4*f - 3 + 2*f**2 + 4 + f**2. List the prime factors of o(g).
2, 7
Suppose 0*n + 4*n = 3*u - 5195, 4*n + 8 = 0. List the prime factors of u.
7, 13, 19
Suppose 926 + 11137 = 3*j. List the prime factors of j.
4021
Suppose 2*w